1434. Calculate the remainder when y is divided by 53.
34
Suppose -4*h + 495 = 415. Suppose 2*b + 4*s - 44 = 30, 0 = 4*b - 2*s - 128. Calculate the remainder when b is divided by h.
13
Suppose 0 = v - 28 + 29. Let k be -3*(2 - v)*14/(-42). Let b(x) = 4*x - 4. Calculate the remainder when b(k) is divided by 6.
2
Let r be 10 + (-1)/1 + 6. Calculate the remainder when ((-12)/r)/(-3 - (-626)/210) is divided by 11.
9
Let y(i) be the third derivative of i**6/40 - i**5/5 - i**4/24 + 5*i**3/3 + 35*i**2 + 2. Calculate the remainder when y(5) is divided by 21.
17
Let m(t) = t**2 + 12*t - 557. What is the remainder when m(19) is divided by 30?
2
Suppose 0 = -4*v + r + 1212, 0 = 3*v - 3*r - 352 - 566. Let b = 354 - v. What is the remainder when b is divided by 41?
11
Suppose -2*i + 2 = -l + 7, 5*l + 4*i - 53 = 0. Suppose 632 = -0*y + 8*y. Calculate the remainder when y is divided by l.
7
Let z(y) be the third derivative of -y**4/2 - y**3 + 72*y**2. Calculate the remainder when 117 is divided by z(-1).
3
Let z be 140/(-12) + 1/(-3). Let u = 9 + z. What is the remainder when 77 is divided by u/(((-24)/(-26))/(-4))?
12
Suppose -62*j - 36 = -65*j. Suppose -i = j - 14. Suppose 3*z + i*d = -0*z + 181, 4*d = 5*z - 265. Calculate the remainder when z is divided by 10.
7
Let w = 0 + 0. Let t be (4 + 18/4)*(w - -6). Calculate the remainder when 5 + t + -5 + -5 is divided by 12.
10
Let y be (-1 + (-18)/(-10))*5. Suppose 3*b - 109 = -m, 0 = 2*b - 3*m + m - 86. What is the remainder when 151/(-2)*(y - 8 - -2) is divided by b?
37
Suppose -l + 0 = 3*q - 3, 5*q - 25 = -5*l. What is the remainder when 118 is divided by 81/18 + 9/l?
4
Let g be 2 + 1/(-2)*4. Suppose 0*h - 2*h + 88 = g. Suppose -3*i = 24*y - 20*y - 533, -i + 134 = y. What is the remainder when y is divided by h?
43
Let b = -9892 - -16504. Calculate the remainder when b is divided by 135.
132
Let u = -2 + 14. What is the remainder when u is divided by 12/(-20) - ((-24)/80)/(9/228)?
5
Suppose 5*q - 1874 - 290 = 2*s, 4*s + 856 = 2*q. Calculate the remainder when q is divided by 425.
9
Let k = -32 - -51. Let a(j) = 372*j + 15. Let u be a(1). Let i = 498 - u. Calculate the remainder when i is divided by k.
16
Let g = 12309 - 12011. Calculate the remainder when 856 is divided by g.
260
Suppose -2*n = -2, 3*z + 4*n - 11 = 2*n. Calculate the remainder when 30 is divided by 6/(-7*z/(-49)).
2
What is the remainder when 1378 is divided by 2/(2/233) + 1026/(-513)?
223
Let s = 262 + -217. Calculate the remainder when s is divided by ((-5)/((-20)/(-48)))/((-2)/4).
21
Let j(d) = 2*d**3 + 63*d**2 + 18*d - 276. Calculate the remainder when 389 is divided by j(-31).
8
Let n = 15 + -2. Let t = n - 4. Suppose 9956*j - 265 + 1259 = 9970*j. Calculate the remainder when j is divided by t.
8
Let j(t) = 879*t - 7017. Calculate the remainder when 200 is divided by j(8).
5
Let a be (-44)/8 + 0 + 1/(-2). Let o(h) = -h**3 - 3*h**2 + 17*h + 19. Let l(k) = 14*k**2 - 6*k + 11. Calculate the remainder when l(3) is divided by o(a).
19
Suppose 4*z = -y + 166, y = -3*y + z + 749. Calculate the remainder when y is divided by (57/(-6))/((-36)/16 - -2).
34
Suppose -3*t - 2*t + 807 = 4*k, -171 = -t - 4*k. Let b(y) = -y**2 + 47*y - 213. Let z be b(42). Calculate the remainder when (z/(-27)*6)/(2/t) is divided by 27.
26
Let g = 339 + -226. Let a = 58 + -1. What is the remainder when g is divided by a?
56
Suppose -60*j = 5*b - 57*j - 1, 3*b - 18 = 4*j. Calculate the remainder when 646 is divided by b.
0
Let m(f) be the second derivative of f**4/3 + 2*f**3/3 - 7*f**2/2 - 18*f. Let x be m(4). Suppose -9*t + 44 = -x. What is the remainder when 50 is divided by t?
11
Suppose -9 = -2*b + 5*y, -y + 8 = -b + 4*y. Suppose 2*h = -m + 103, 109 = 2*h - 5*m + 36. Calculate the remainder when h is divided by b.
15
Suppose 4*p = -h + 480, p - 11*h + 10*h - 120 = 0. Let c = 128 - p. Calculate the remainder when 487 is divided by c.
7
Calculate the remainder when 6/(-9)*-465 - 1 is divided by 26.
23
Suppose 3*y + 4*q + 20 = 81, -4*q - 8 = 0. Calculate the remainder when 1976 is divided by y.
21
Let u be (-9 - -10)*(3 + 16). Suppose -53*g + u*g + 11594 = 0. Calculate the remainder when g is divided by 19.
18
Let a = -2031 - -2188. What is the remainder when 439 is divided by a?
125
Let x = 401 + -375. Calculate the remainder when x is divided by 7.
5
Suppose -4*x = -25*w + 30*w - 1778, -x = -5*w - 457. Calculate the remainder when x is divided by 116.
99
Let j be (((-490)/40)/(-7))/(1/(-100)). Let d = j + 191. Calculate the remainder when 850/6 + 2/6 is divided by d.
14
Calculate the remainder when (1535/10 - -4)*(-5)/50*-16 is divided by 64.
60
What is the remainder when 424 is divided by -3*28/12 - (-154 + 12)?
19
Suppose 0 = 10*q + 49*q - 26477 - 74944. What is the remainder when q is divided by 427?
11
Let w be ((-10)/(-6))/((-7)/105). Let q = w + 45. Suppose -66 = -2*k + q. Calculate the remainder when k is divided by 11.
10
Let s(y) = -4*y - 19 + 2*y + 91*y**2 + 9*y + 13. Calculate the remainder when 1011 is divided by s(1).
91
Calculate the remainder when (2 - (22 - 11)) + 1692 - 7 is divided by 120.
116
Let j = -107 - -221. Calculate the remainder when j is divided by 91.
23
Suppose 4*x - i - 46 = 0, -2*x - 2*x - 2*i + 52 = 0. Suppose 16*a + 407 - 1287 = 0. Calculate the remainder when a is divided by x.
7
Calculate the remainder when 434 - (6 + (9 - 22)) is divided by 3.
0
Suppose 0 = -o + 6*o + s - 46, 0 = o + s - 10. Suppose 3 = o*w + 84. Calculate the remainder when 3/w*-9 - -96 is divided by 34.
31
What is the remainder when 706 is divided by (-1)/2*(3 - (8 - -1))?
1
Let f(b) = b**2 + 196*b + 22. Calculate the remainder when 25 is divided by f(0).
3
Suppose -8 + 66 = 2*i. Let x = i + 102. Calculate the remainder when x is divided by 29.
15
Calculate the remainder when 3/((-165)/(-1628))*(-4 - 1)*-1 is divided by 14.
8
What is the remainder when (6737 - (-7 + 6)) + (5 - 1) is divided by 173?
168
Let c(u) = -u**3 - 13*u**2 - 7*u - 91. Suppose 4*a - 65 = -a. Calculate the remainder when c(-14) is divided by a.
8
Let d be (1/(5/(-10)))/(-1). Suppose d*t = 3*k + 54 + 23, -112 = -3*t + k. Calculate the remainder when t is divided by 14.
9
Let h be 1 + 3 - (11 + -13). What is the remainder when ((-286)/(-4))/(h/12) is divided by 37?
32
Suppose 0 = -4*o + 5*a + 480 + 609, 0 = 2*o + 2*a - 576. Calculate the remainder when 836 is divided by o.
274
Suppose 2*z + 3*z + 3*c = 1826, 4*c + 1812 = 5*z. Let f = z - 332. What is the remainder when -4*(-2)/20*235 is divided by f?
30
Let k(t) = 12*t**2 - 7*t - 1. Let w(z) = -2*z**2 - 2*z + 6. Let f be w(0). Suppose f*g - 69 = 183. What is the remainder when k(4) is divided by g?
37
Let f = -27 + 46. Let c(k) = 82*k**3 - k**2. Let w be c(1). Let s = 136 - w. What is the remainder when s is divided by f?
17
Let k be 3/(-2)*(982/(-3) - -4). Suppose 5*r + i - 2395 = -4*i, r - 5*i = k. Suppose 0*u + 6*u = r. Calculate the remainder when u is divided by 29.
22
Suppose 0 = -2*x + 9*x - 168. Let c = -19 - -27. Suppose p = 5*p + c, -5*r + 309 = 3*p. What is the remainder when r is divided by x?
15
Suppose 3168 = -0*a + 12*a. Suppose x = 9*x + a. Let c = 59 + x. Calculate the remainder when c is divided by 9.
8
Let b(r) = -r**3 + 14*r**2 + 24*r + 5. Let v be b(15). Suppose -3*z = z - v. What is the remainder when z is divided by 19?
16
Suppose 6*g - 21 = 39. Let j be (7 + -12)*(-2)/g*-2. What is the remainder when 2*(0 - 39/j) is divided by 14?
11
Suppose -56*p = -108*p + 2392. What is the remainder when 9521 is divided by p?
45
Let g be 2070/7 + 6/21. Let f = g + -145. Calculate the remainder when f is divided by (93/(-6))/(1*(-6)/12).
27
Let z be (3*(-24)/(-54))/((-2)/(-69)). Let q = -40 + z. What is the remainder when (q + (-528)/18)/((-2)/6) is divided by 8?
6
Let w = 14729 + -14070. What is the remainder when w is divided by 238?
183
Suppose 533*i - 534*i + 2*l = -42, -2*i + 126 = 3*l. What is the remainder when 579 is divided by i?
39
Suppose -9 = -p + g, 14 = -4*p - 5*g + 5. Suppose 3*j - 32 = p. Suppose -f + 41 = -5. Calculate the remainder when f is divided by j.
10
Suppose -q - 21*h = -15*h - 9, -2 = h. Calculate the remainder when 3842 is divided by q.
20
Let d = 153 - 127. Let x = d + 43. Suppose w - x = -f, 0 = 3*f 